{"id":19,"date":"2021-03-14T21:15:32","date_gmt":"2021-03-14T20:15:32","guid":{"rendered":"https:\/\/halliermathilde.alwaysdata.net\/wordpress\/?page_id=19"},"modified":"2021-03-15T12:01:33","modified_gmt":"2021-03-15T11:01:33","slug":"les-machines","status":"publish","type":"page","link":"https:\/\/halliermathilde.alwaysdata.net\/wordpress\/les-machines\/","title":{"rendered":"Les machines"},"content":{"rendered":"\n<div class=\"wp-block-media-text has-media-on-the-right is-stacked-on-mobile is-vertically-aligned-center\" style=\"grid-template-columns:auto 32%\"><figure class=\"wp-block-media-text__media\"><img loading=\"lazy\" width=\"640\" height=\"424\" src=\"https:\/\/halliermathilde.alwaysdata.net\/wordpress\/wp-content\/uploads\/2021\/03\/espresso-machine-690498_640.jpg\" alt=\"\" class=\"wp-image-133 size-full\" srcset=\"https:\/\/halliermathilde.alwaysdata.net\/wordpress\/wp-content\/uploads\/2021\/03\/espresso-machine-690498_640.jpg 640w, https:\/\/halliermathilde.alwaysdata.net\/wordpress\/wp-content\/uploads\/2021\/03\/espresso-machine-690498_640-300x199.jpg 300w\" sizes=\"(max-width: 640px) 100vw, 640px\" \/><\/figure><div class=\"wp-block-media-text__content\">\n<p class=\"has-large-font-size\">Machine de professionnel<\/p>\n<\/div><\/div>\n\n\n\n<p>Per divulsa per membrorum velut ultimam spatia et itidem deformitatem corpora conpage scalas conpage flumen constrinxerunt mortuorum constrinxerunt raptavere funibus conpage praecipitem acri iamque membrorum constrinxerunt ultimam corpora mox eodem.<\/p>\n\n\n\n<div class=\"wp-block-media-text has-media-on-the-right is-stacked-on-mobile\" style=\"grid-template-columns:auto 33%\"><figure class=\"wp-block-media-text__media\"><img loading=\"lazy\" width=\"640\" height=\"398\" src=\"https:\/\/halliermathilde.alwaysdata.net\/wordpress\/wp-content\/uploads\/2021\/03\/cup-703166_640-1.jpg\" alt=\"\" class=\"wp-image-135 size-full\" srcset=\"https:\/\/halliermathilde.alwaysdata.net\/wordpress\/wp-content\/uploads\/2021\/03\/cup-703166_640-1.jpg 640w, https:\/\/halliermathilde.alwaysdata.net\/wordpress\/wp-content\/uploads\/2021\/03\/cup-703166_640-1-300x187.jpg 300w, https:\/\/halliermathilde.alwaysdata.net\/wordpress\/wp-content\/uploads\/2021\/03\/cup-703166_640-1-480x300.jpg 480w\" sizes=\"(max-width: 640px) 100vw, 640px\" \/><\/figure><div class=\"wp-block-media-text__content\">\n<p class=\"has-large-font-size\">Machine traditionnelle<\/p>\n<\/div><\/div>\n\n\n\n<p>Per divulsa per membrorum velut ultimam spatia et itidem deformitatem corpora conpage scalas conpage flumen constrinxerunt mortuorum constrinxerunt raptavere funibus conpage praecipitem acri iamque membrorum constrinxerunt ultimam corpora mox eodem.<\/p>\n\n\n\n<div class=\"wp-block-media-text has-media-on-the-right is-stacked-on-mobile\" style=\"grid-template-columns:auto 33%\"><figure class=\"wp-block-media-text__media\"><img loading=\"lazy\" width=\"640\" height=\"359\" src=\"https:\/\/halliermathilde.alwaysdata.net\/wordpress\/wp-content\/uploads\/2021\/03\/coffee-5914962_640.jpg\" alt=\"\" class=\"wp-image-136 size-full\" srcset=\"https:\/\/halliermathilde.alwaysdata.net\/wordpress\/wp-content\/uploads\/2021\/03\/coffee-5914962_640.jpg 640w, https:\/\/halliermathilde.alwaysdata.net\/wordpress\/wp-content\/uploads\/2021\/03\/coffee-5914962_640-300x168.jpg 300w\" sizes=\"(max-width: 640px) 100vw, 640px\" \/><\/figure><div class=\"wp-block-media-text__content\">\n<p class=\"has-large-font-size\">Machine \u00e0 l&rsquo;ancienne<\/p>\n<\/div><\/div>\n\n\n\n<p>Per divulsa per membrorum velut ultimam spatia et itidem deformitatem corpora conpage scalas conpage flumen constrinxerunt mortuorum constrinxerunt raptavere funibus conpage praecipitem acri iamque membrorum constrinxerunt ultimam corpora mox eodem.<\/p>\n","protected":false},"excerpt":{"rendered":"<p>Machine de professionnel Per divulsa per membrorum velut ultimam spatia et itidem deformitatem corpora conpage scalas conpage flumen constrinxerunt mortuorum constrinxerunt raptavere funibus conpage praecipitem acri iamque membrorum constrinxerunt ultimam &#8230;<\/p>\n","protected":false},"author":1,"featured_media":0,"parent":0,"menu_order":0,"comment_status":"closed","ping_status":"closed","template":"template-fullwidth.php","meta":[],"yoast_head":"<!-- This site is optimized with the Yoast SEO plugin v15.9.2 - https:\/\/yoast.com\/wordpress\/plugins\/seo\/ -->\n<title>Les machines - Caf\u00e9 r\u00e9f\u00e9rence<\/title>\n<link rel=\"canonical\" href=\"https:\/\/halliermathilde.alwaysdata.net\/wordpress\/les-machines\/\" \/>\n<meta property=\"og:locale\" content=\"fr_FR\" \/>\n<meta property=\"og:type\" content=\"article\" \/>\n<meta property=\"og:title\" content=\"Les machines - Caf\u00e9 r\u00e9f\u00e9rence\" \/>\n<meta property=\"og:description\" content=\"Machine de professionnel Per divulsa per membrorum velut ultimam spatia et itidem deformitatem corpora conpage scalas conpage flumen constrinxerunt mortuorum constrinxerunt raptavere funibus conpage praecipitem acri iamque membrorum constrinxerunt ultimam ...\" \/>\n<meta property=\"og:url\" content=\"https:\/\/halliermathilde.alwaysdata.net\/wordpress\/les-machines\/\" \/>\n<meta property=\"og:site_name\" content=\"Caf\u00e9 r\u00e9f\u00e9rence\" \/>\n<meta property=\"article:modified_time\" content=\"2021-03-15T11:01:33+00:00\" \/>\n<meta property=\"og:image\" content=\"https:\/\/halliermathilde.alwaysdata.net\/wordpress\/wp-content\/uploads\/2021\/03\/espresso-machine-690498_640.jpg\" \/>\n<meta name=\"twitter:card\" content=\"summary_large_image\" \/>\n<script type=\"application\/ld+json\" class=\"yoast-schema-graph\">{\"@context\":\"https:\/\/schema.org\",\"@graph\":[{\"@type\":[\"Person\",\"Organization\"],\"@id\":\"https:\/\/halliermathilde.alwaysdata.net\/wordpress\/#\/schema\/person\/5da238886e8ebc9676a20a716051fa3b\",\"name\":\"mathilde\",\"image\":{\"@type\":\"ImageObject\",\"@id\":\"https:\/\/halliermathilde.alwaysdata.net\/wordpress\/#personlogo\",\"inLanguage\":\"fr-FR\",\"url\":\"https:\/\/secure.gravatar.com\/avatar\/07bad5f128af2912134112d909155a8e?s=96&d=mm&r=g\",\"caption\":\"mathilde\"},\"logo\":{\"@id\":\"https:\/\/halliermathilde.alwaysdata.net\/wordpress\/#personlogo\"},\"sameAs\":[\"http:\/\/halliermathilde.alwaysdata.net\/wordpress\"]},{\"@type\":\"WebSite\",\"@id\":\"https:\/\/halliermathilde.alwaysdata.net\/wordpress\/#website\",\"url\":\"https:\/\/halliermathilde.alwaysdata.net\/wordpress\/\",\"name\":\"Caf\\u00e9 r\\u00e9f\\u00e9rence\",\"description\":\"Tout savoir sur le caf\\u00e9 - les machines - les recettes\",\"publisher\":{\"@id\":\"https:\/\/halliermathilde.alwaysdata.net\/wordpress\/#\/schema\/person\/5da238886e8ebc9676a20a716051fa3b\"},\"potentialAction\":[{\"@type\":\"SearchAction\",\"target\":\"https:\/\/halliermathilde.alwaysdata.net\/wordpress\/?s={search_term_string}\",\"query-input\":\"required name=search_term_string\"}],\"inLanguage\":\"fr-FR\"},{\"@type\":\"ImageObject\",\"@id\":\"https:\/\/halliermathilde.alwaysdata.net\/wordpress\/les-machines\/#primaryimage\",\"inLanguage\":\"fr-FR\",\"url\":\"https:\/\/halliermathilde.alwaysdata.net\/wordpress\/wp-content\/uploads\/2021\/03\/espresso-machine-690498_640.jpg\"},{\"@type\":\"WebPage\",\"@id\":\"https:\/\/halliermathilde.alwaysdata.net\/wordpress\/les-machines\/#webpage\",\"url\":\"https:\/\/halliermathilde.alwaysdata.net\/wordpress\/les-machines\/\",\"name\":\"Les machines - Caf\\u00e9 r\\u00e9f\\u00e9rence\",\"isPartOf\":{\"@id\":\"https:\/\/halliermathilde.alwaysdata.net\/wordpress\/#website\"},\"primaryImageOfPage\":{\"@id\":\"https:\/\/halliermathilde.alwaysdata.net\/wordpress\/les-machines\/#primaryimage\"},\"datePublished\":\"2021-03-14T20:15:32+00:00\",\"dateModified\":\"2021-03-15T11:01:33+00:00\",\"breadcrumb\":{\"@id\":\"https:\/\/halliermathilde.alwaysdata.net\/wordpress\/les-machines\/#breadcrumb\"},\"inLanguage\":\"fr-FR\",\"potentialAction\":[{\"@type\":\"ReadAction\",\"target\":[\"https:\/\/halliermathilde.alwaysdata.net\/wordpress\/les-machines\/\"]}]},{\"@type\":\"BreadcrumbList\",\"@id\":\"https:\/\/halliermathilde.alwaysdata.net\/wordpress\/les-machines\/#breadcrumb\",\"itemListElement\":[{\"@type\":\"ListItem\",\"position\":1,\"item\":{\"@type\":\"WebPage\",\"@id\":\"https:\/\/halliermathilde.alwaysdata.net\/wordpress\/\",\"url\":\"https:\/\/halliermathilde.alwaysdata.net\/wordpress\/\",\"name\":\"Accueil\"}},{\"@type\":\"ListItem\",\"position\":2,\"item\":{\"@type\":\"WebPage\",\"@id\":\"https:\/\/halliermathilde.alwaysdata.net\/wordpress\/les-machines\/\",\"url\":\"https:\/\/halliermathilde.alwaysdata.net\/wordpress\/les-machines\/\",\"name\":\"Les machines\"}}]}]}<\/script>\n<!-- \/ Yoast SEO plugin. -->","_links":{"self":[{"href":"https:\/\/halliermathilde.alwaysdata.net\/wordpress\/wp-json\/wp\/v2\/pages\/19"}],"collection":[{"href":"https:\/\/halliermathilde.alwaysdata.net\/wordpress\/wp-json\/wp\/v2\/pages"}],"about":[{"href":"https:\/\/halliermathilde.alwaysdata.net\/wordpress\/wp-json\/wp\/v2\/types\/page"}],"author":[{"embeddable":true,"href":"https:\/\/halliermathilde.alwaysdata.net\/wordpress\/wp-json\/wp\/v2\/users\/1"}],"replies":[{"embeddable":true,"href":"https:\/\/halliermathilde.alwaysdata.net\/wordpress\/wp-json\/wp\/v2\/comments?post=19"}],"version-history":[{"count":2,"href":"https:\/\/halliermathilde.alwaysdata.net\/wordpress\/wp-json\/wp\/v2\/pages\/19\/revisions"}],"predecessor-version":[{"id":137,"href":"https:\/\/halliermathilde.alwaysdata.net\/wordpress\/wp-json\/wp\/v2\/pages\/19\/revisions\/137"}],"wp:attachment":[{"href":"https:\/\/halliermathilde.alwaysdata.net\/wordpress\/wp-json\/wp\/v2\/media?parent=19"}],"curies":[{"name":"wp","href":"https:\/\/api.w.org\/{rel}","templated":true}]}}